7345. What is the ten thousands digit of z?
1
Let h = 17847 - 8653. What is the units digit of h?
4
Let n(i) = 2*i + 19*i**2 + 5*i**2 - i + 6*i**2 - 3. Let m be n(-2). Suppose -4*v + m + 45 = 0. What is the tens digit of v?
4
Let q be 316 + (-4 + 4 - -5). Suppose 27*m - 813 - q = 0. What is the tens digit of m?
4
Let v = 20 - 20. Suppose z = 2*q - v*q + 284, 0 = -3*z - q + 866. Let o = -194 + z. What is the units digit of o?
4
Let x = 131 - 147. What is the units digit of ((-1924)/x - -7)/((-2)/(-8))?
9
Let h(o) = o**3 + 7*o**2 - 15*o + 31. Let f be h(-9). Suppose f*v - 114 = r - 3*r, -2*v + 53 = 5*r. What is the tens digit of v?
2
Suppose -62*i + 1329227 = 442751. What is the units digit of i?
8
Suppose 0 = -26*w + 66281 + 3711. What is the thousands digit of w?
2
Let p(z) be the first derivative of 5*z**4/4 - 5*z**3/3 + z - 20. Let b be p(4). Let d = b + -100. What is the units digit of d?
1
Suppose -2*y + a = 2*a - 22, -5*y - 2*a + 56 = 0. Let s(t) be the first derivative of 2*t**2 + 18*t - 60. What is the tens digit of s(y)?
6
Suppose 2*t + 2*j = -76, -t + 3*j - 42 = -0*t. Let n = t - -9. Let h = n - -98. What is the tens digit of h?
6
Let k be (-6)/(-8) - (0 - (-64014)/(-24)). Suppose k = 8*d + 636. What is the units digit of d?
4
Let a(y) = -131*y - 227. Let z(f) = -33*f - 56. Let r(w) = 4*a(w) - 18*z(w). What is the units digit of r(6)?
0
Let w(j) be the second derivative of -7*j**3/6 - 72*j**2 + 55*j. What is the units digit of w(-27)?
5
Suppose -4*c - 82 = -2*c. Let s = 41 + c. Suppose s = -8*z + 3*z - 2*k + 375, -5*z + 5*k + 340 = 0. What is the tens digit of z?
7
Let c be (24/(-20))/((-14)/35 - 0). Let w(x) = 198*x - 19. What is the units digit of w(c)?
5
Let i = 31 - 27. Let n(f) = -3*f - 7 + 14 + i*f. What is the tens digit of n(7)?
1
Suppose -28*l + 11541 + 205296 = -69855. What is the tens digit of l?
3
Let f(m) = m**3 - 14*m**2 + 2*m - 32. Let q be f(14). Let b(x) = x**2 + 3*x - 2. Let z be b(q). Suppose -z*l = -4*l + 234. What is the tens digit of l?
1
Let j(h) = 1807*h + 938. What is the thousands digit of j(4)?
8
Let p = 10 - 10. Suppose 2*r - q + 3*q - 906 = p, -3*r + q = -1371. What is the tens digit of r?
5
Suppose -4*x = 4 - 20. Suppose -x*w - 41 = -a, -324 = -5*a + 3*w - 102. Suppose -32 = -h + a. What is the units digit of h?
7
Let g = -374 + 297. What is the hundreds digit of (-2)/(-11) + (-21238)/g?
2
Let u = -64 + 79. Let a = u - 12. Suppose -n = a*d - 258, -9*n = 3*d - 6*n - 252. What is the units digit of d?
7
What is the hundreds digit of 13159*(3/(-12))/(5/(-20))?
1
Let m = 396 - 579. Let j be ((-327)/(-12)*-1 + 2)*4. Let q = j - m. What is the units digit of q?
2
Suppose 1228 = 9*p - 3965. Let y = 1002 - p. What is the tens digit of y?
2
What is the thousands digit of (-49)/(36015/(-70)) + 2/(-42)*-835651?
9
Let k(h) be the first derivative of h**4/2 - 11*h**3 - 5*h**2 + 40*h - 38. What is the hundreds digit of k(17)?
1
Let f(g) = 286*g**2 + 29*g - 233. What is the ten thousands digit of f(6)?
1
Let k = -2371 - -3494. What is the tens digit of k?
2
Suppose -7 = -b + 5*z + 5, -2*z + 24 = -4*b. What is the tens digit of (-44367)/(-46) + (-4)/b?
6
Suppose -18*f = -16*f - 206. Let y = f + -87. Suppose -50 = -v - y. What is the tens digit of v?
3
Let y(c) = -c**3 - 10*c**2 - c - 8. Let h be y(-10). Suppose -h*u = -0 + 36. Let t = 102 + u. What is the units digit of t?
4
Let q be (30/2)/(-3) + (1 - -162). What is the tens digit of 1975/q*2/(-5)*-19?
9
Let w(q) = 209*q - 62. Let k = 361 + -357. What is the tens digit of w(k)?
7
Let g be (-16 + 9)/((0 - 2) + 3). Let b(v) = 4*v**2 + 10*v + 128. What is the units digit of b(g)?
4
Let j be ((-42)/18)/(2/(-18)). Suppose -4*l + 19 = -j. Suppose -2*p = -l*m + 5*m - 153, -5 = 5*m. What is the units digit of p?
4
Suppose -80 = 3*k - 17. What is the hundreds digit of 2450/(-21)*90/k?
5
Let g be 3/(-3)*(-348)/4. Let i = g - 74. Suppose 3*q = 2*w - q - 14, -4*w = -3*q - i. What is the units digit of w?
1
Suppose 4*w + 4*w = -3056. Let d = -201 - w. Let r = d - 121. What is the units digit of r?
0
Let q(t) = t**3 + 4*t**2 + 6. Let n be q(-4). Suppose 1344 = -n*i + 14*i. What is the tens digit of i?
6
Suppose -11*n + 16*n - 10 = 0. Suppose -3*u - 1 = n*u - t, 5*t + 21 = -u. What is the tens digit of 134/(u + 4 - 1)?
6
Let x = 397 - 191. Suppose 1187 = 9*f + x. Let t = -26 + f. What is the units digit of t?
3
Let a be (-50)/(-40) + 3/4. Suppose -a*s = -0*s - 102. What is the hundreds digit of (1 + 1)*s - 2?
1
Let m(t) = 64*t - 20 - 417*t - 2 - 79. What is the thousands digit of m(-4)?
1
What is the ten thousands digit of 10287 - (-182)/140*-10?
1
What is the tens digit of (-1)/(-6) - (-3040968)/1008?
1
Let m(f) = -104*f + 7. Let y be m(6). Let p = y + 891. What is the units digit of p?
4
Suppose -5*t + 10 = -f, 4*t - 4 = f + 4. Suppose -2*n = 3*n + 2*a + 1330, -5*n + 4*a - 1360 = f. What is the units digit of ((-6)/4)/(6/n)?
7
Suppose -49*t = -37329 - 14121. Suppose 0*z = -5*z + t. What is the tens digit of z?
1
Suppose u + 4*u = -4*s + 10, -2*s - 5*u = 0. Suppose 21*r = -s*r + 2132. What is the units digit of r?
2
Let r = -16508 + 23678. What is the hundreds digit of r?
1
Let g(r) = -4*r - 35. Let o be g(-10). Let j(p) = 2*p**2 + 3*p + 10. Let f be j(o). Suppose -3 - f = -2*c. What is the tens digit of c?
3
Let n(c) = 2*c**2 - 8*c + 8. Let k be n(4). Suppose -273 = -k*a - 9. What is the units digit of a?
3
Suppose 0 = -3*r - 3, -4*z + 0*z + 9 = -r. Suppose v - 5*m + 8*m = 6, 2*v + 3*m - 9 = 0. Suppose z*o - 105 + v = 0. What is the units digit of o?
1
Let v be (-10)/(-90)*-6 + (-5108)/6. Let h = v - -1261. What is the units digit of h?
9
Let z(r) = 13*r**3 + r**2 + 4*r - 11. Let n be z(8). Suppose 5*g = -m + n, 5*m = 4*g + 8*m - 5395. What is the units digit of g?
8
What is the tens digit of (3630 + 2 + -1)*(186 - 175)?
4
Let x be (-20030)/(-14) - 3 - 8/(-28). Suppose -4*z - 1798 + 24 = -5*q, -z - x = -4*q. What is the units digit of q?
8
What is the hundreds digit of 18 - (7 + -11204) - -2?
2
Suppose 3 = 2*f - 1. Let q = -116 - -132. What is the tens digit of (q - -77)*(f - 1)?
9
Let f be (-26484)/16 - 33/44. Let y = f - -3473. What is the tens digit of y?
1
Let v(w) = 39*w - 108. Let m be v(4). Suppose 0 = 52*o - m*o - 152. What is the tens digit of o?
3
Let s be 13/(91/(-28)) + 8. Suppose s*o = -4*r + 3844, -2*o + r + r + 1942 = 0. What is the units digit of o?
6
Suppose 264521 + 286834 = 89*h. What is the thousands digit of h?
6
Let t be (-399)/(-2) - (105/14)/(-15). Suppose -t = 3*o - 893. What is the hundreds digit of o?
2
Suppose -1058 = -3*c - 5*r, -r + 6*r - 5 = 0. Let w = -2512 - -2293. Let g = c + w. What is the hundreds digit of g?
1
Let b(t) = t**2 - 6*t + 7. Let c be b(5). Suppose -3*p - 1 = -c*p. What is the hundreds digit of 15740/120 + (p/6)/1?
1
Suppose -38 - 802 = -8*h. Suppose 0 = 77*u - h*u + 21728. What is the tens digit of u?
7
Let b = -497 + 497. Suppose b = -13*c - 213 + 1227. What is the units digit of c?
8
Let m(g) = -8114*g - 12599. What is the hundreds digit of m(-7)?
1
Suppose -11*u + 22*u = 5203. Let h = u + -377. What is the tens digit of h?
9
Let o(j) = 895*j + 9863. What is the hundreds digit of o(30)?
7
Suppose 12412 = a + 3*m, 31*m - 62144 = -5*a + 30*m. What is the thousands digit of a?
2
Let z = 3 - -20. Let o = 16 - z. Let f(l) = -l**3 - 6*l**2 + 6*l + 12. What is the units digit of f(o)?
9
Suppose -4*t - 6*u + u + 540 = 0, 0 = -t - 2*u + 135. What is the hundreds digit of 9/(t/(-40))*(-807)/4?
5
Suppose 4*j + 5721 = v + 2*v, 5*j - 5*v = -7155. What is the tens digit of 29/((-203)/j) + -4 + 1?
0
Let r(f) = 17*f**2 - 3*f + 1. Let a(n) = -9*n + 56. Let d be a(6). Let t be r(d). Suppose 349 = 2*b - t. What is the units digit of b?
6
What is the hundreds digit of (-10139)/(-3) - (246/(-902) - 2/33)?
3
Suppose -11*g + 21*g = -1010. Let n = g + 97. What is the hundreds digit of (n/(-4))/(2/268)?
1
Suppose -4 = 5*u + 5*r - 79, -4*u - 2*r = -68. Let f(l) = 42*l - u*l - 27*l + 10. What is the units digit of f(-4)?
6
Let z(s) = s**3 - 11*s**2 + 18*s + 2. Let c be z(9). Suppose -5*t + 6 = -4*t + 3*m, -m + c = -3*t. What is the tens digit of (-7)/((1 - t)/(-9 + -4))?
9
Let z be (-3)/(-21) - -349*1/7. Suppose -o + z = 3*m, m - o - 1 - 21 = 0. What is 